multiple of 5?
True
Does 3 divide 4226?
False
Is 14 a factor of 7168?
True
Does 40 divide 16760?
True
Is 368 a multiple of 16?
True
Is 16949 a multiple of 17?
True
Is 64 a factor of 33685?
False
Is 5 a factor of 310?
True
Does 6 divide 892?
False
Is 9 a factor of 506?
False
Is 52487 a multiple of 49?
False
Does 10 divide 720?
True
Is 32 a factor of 36416?
True
Is 1664 a multiple of 16?
True
Is 108 a factor of 4207?
False
Is 4 a factor of 23982?
False
Is 154 a multiple of 7?
True
Is 83816 a multiple of 29?
False
Does 107 divide 321?
True
Is 349 a multiple of 4?
False
Is 15 a factor of 5271?
False
Does 12 divide 120516?
True
Does 7 divide 2737?
True
Is 5 a factor of 1854?
False
Is 31 a factor of 1958?
False
Is 5086 a multiple of 115?
False
Is 88 a multiple of 9?
False
Is 31 a factor of 103540?
True
Is 14 a factor of 33796?
True
Is 74 a multiple of 3?
False
Is 80 a factor of 8983?
False
Is 18808 a multiple of 9?
False
Does 5 divide 9417?
False
Is 2 a factor of 8005?
False
Is 8476 a multiple of 26?
True
Is 41 a factor of 142?
False
Is 18 a factor of 960?
False
Does 17 divide 238?
True
Does 7 divide 882?
True
Is 29 a factor of 15138?
True
Is 101866 a multiple of 135?
False
Does 4 divide 16?
True
Is 22591 a multiple of 19?
True
Is 8 a factor of 589?
False
Does 2 divide 2415?
False
Does 57 divide 1653?
True
Is 3216 a multiple of 6?
True
Is 74 a factor of 2503?
False
Is 8 a factor of 24296?
True
Is 271 a multiple of 6?
False
Is 13553 a multiple of 81?
False
Is 4767 a multiple of 11?
False
Does 27 divide 2212?
False
Does 39 divide 5169?
False
Is 51 a factor of 1581?
True
Is 12 a factor of 276?
True
Is 106 a factor of 6254?
True
Does 24 divide 3528?
True
Is 11 a factor of 327?
False
Is 4956 a multiple of 59?
True
Is 2400 a multiple of 75?
True
Does 19 divide 118104?
True
Is 40 a multiple of 9?
False
Is 38 a factor of 1871?
False
Is 4 a factor of 4808?
True
Is 58028 a multiple of 163?
True
Does 98 divide 870?
False
Does 115 divide 9325?
False
Is 2774 a multiple of 38?
True
Is 156 a factor of 55224?
True
Is 20252 a multiple of 21?
False
Does 62 divide 1447?
False
Is 502 a multiple of 51?
False
Is 360 a multiple of 36?
True
Does 20 divide 3780?
True
Is 135 a multiple of 4?
False
Is 10287 a multiple of 125?
False
Is 41 a factor of 13775?
False
Is 133522 a multiple of 9?
False
Is 17874 a multiple of 54?
True
Is 176 a factor of 15488?
True
Is 40 a factor of 128664?
False
Does 49 divide 41396?
False
Is 1364 a multiple of 11?
True
Is 4326 a multiple of 25?
False
Does 7 divide 9137?
False
Is 2405 a multiple of 13?
True
Is 16 a factor of 112?
True
Is 3692 a multiple of 25?
False
Is 8 a factor of 45504?
True
Is 12 a factor of 1056?
True
Is 11 a factor of 12529?
True
Is 39234 a multiple of 39?
True
Is 8 a factor of 2136?
True
Is 49 a factor of 1363?
False
Does 23 divide 1117?
False
Is 14 a factor of 6822?
False
Is 10420 a multiple of 10?
True
Is 13 a factor of 793?
True
Is 996 a multiple of 4?
True
Does 41 divide 328?
True
Does 28 divide 4300?
False
Is 20794 a multiple of 286?
False
Does 137 divide 59595?
True
Is 19 a factor of 2883?
False
Does 20 divide 561?
False
Is 9546 a multiple of 37?
True
Is 1221 a multiple of 65?
False
Is 320 a multiple of 16?
True
Is 210 a multiple of 15?
True
Is 328 a factor of 6495?
False
Is 1771 a multiple of 85?
False
Is 770 a multiple of 11?
True
Is 201 a factor of 1407?
True
Is 90 a multiple of 10?
True
Is 114 a factor of 61788?
True
Does 231 divide 63756?
True
Is 3 a factor of 1395?
True
Does 3 divide 1450?
False
Is 32 a factor of 32?
True
Does 11 divide 31669?
True
Does 5 divide 41145?
True
Does 89 divide 1958?
True
Is 96 a factor of 6947?
False
Does 39 divide 1521?
True
Is 15 a factor of 1695?
True
Is 37 a factor of 24567?
False
Is 617 a multiple of 12?
False
Does 9 divide 1179?
True
Is 603 a multiple of 6?
False
Is 312 a multiple of 24?
True
Does 10 divide 183?
False
Does 4 divide 38659?
False
Does 28 divide 4049?
False
Is 5096 a multiple of 98?
True
Is 60 a multiple of 3?
True
Is 504 a multiple of 46?
False
Is 8 a factor of 13072?
True
Is 567 a multiple of 29?
False
Does 74 divide 3182?
True
Is 9840 a multiple of 49?
False
Is 9 a factor of 684?
True
Does 47 divide 3790?
False
Does 4 divide 3419?
False
Is 15090 a multiple of 30?
True
Is 1146 a multiple of 7?
False
Does 21 divide 105?
True
Does 14 divide 381?
False
Is 12 a factor of 617?
False
Is 207 a multiple of 16?
False
Is 67 a factor of 8710?
True
Does 64 divide 2880?
True
Is 56 a factor of 8813?
False
Does 14 divide 1484?
True
Is 28 a factor of 38893?
False
Does 41 divide 6768?
False
Does 35 divide 4949?
False
Does 40 divide 2040?
True
Is 20 a factor of 3760?
True
Does 7 divide 91?
True
Is 3006 a multiple of 39?
False
Is 27 a factor of 538?
False
Is 10341 a multiple of 262?
False
Is 122 a factor of 5856?
True
Is 54 a factor of 14742?
True
Does 131 divide 10873?
True
Is 60998 a multiple of 14?
True
Is 27 a factor of 637?
False
Is 14 a factor of 5726?
True
Is 57759 a multiple of 13?
True
Does 41 divide 9685?
False
Does 201 divide 70752?
True
Is 10 a factor of 34480?
True
Does 107 divide 2461?
True
Is 746 a multiple of 7?
False
Is 22 a factor of 1628?
True
Does 15 divide 1650?
True
Is 35 a factor of 55328?
False
Is 1220 a multiple of 10?
True
Is 1178 a multiple of 19?
True
Does 47 divide 20385?
False
Is 7098 a multiple of 18?
False
Is 3491 a multiple of 10?
False
Is 14608 a multiple of 21?
False
Is 2883 a multiple of 42?
False
Does 247 divide 10986?
False
Is 30048 a multiple of 42?
False
Does 159 divide 75655?
False
Does 10 divide 80?
True
Is 44980 a multiple of 130?
True
Does 13 divide 1065?
False
Does 21 divide 31694?
False
Does 36 divide 38877?
False
Does 90 divide 2386?
False
Does 10 divide 1078?
False
Does 43 divide 17243?
True
Is 24 a factor of 345?
False
Does 9 divide 288?
True
Is 46490 a multiple of 10?
True
Is 2926 a multiple of 50?
False
Is 1298 a multiple of 9?
False
Does 18 divide 18774?
True
Is 38 a factor of 1558?
True
Is 2871 a multiple of 11?
True
Is 11 a factor of 12045?
True
Is 38 a factor of 6384?
True
Is 34 a factor of 1088?
True
Is 116 a factor of 1149?
False
Does 11 divide 6171?
True
Does 6 divide 840?
True
Is 51 a factor of 1533?
False
Does 11 divide 1776?
False
Is 28 a factor of 1540?
True
Is 24 a factor of 125184?
True
Does 30 divide 24990?
True
Does 13 divide 195?
True
Does 16 divide 651?
False
Is 26747 a multiple of 19?
False
Is 24 a multiple of 4?
True
Is 60 a factor of 47100?
True
Is 296 a multiple of 37?
True
Is 777 a multiple of 70?
False
Does 12 divide 367?
False
Is 36 a factor of 1116?
True
Does 10 divide 2587?
False
Is 2233 a multiple of 10?
False
Is 48 a factor of 10368?
True
Is 11 a factor of 4349?
False
Is 22518 a multiple of 162?
True
Is 36 a factor of 3918?
False
Is 4 a factor of 145?
False
Is 23 a factor of 276?
True
Is 23 a factor of 13823?
True
Is 27 a factor of 5535?
True
Is 3177 a multiple of 6?
False
Is 113 a factor of 3042?
False
Is 42 a factor of 740?
False
Is 117 a factor of 46449?
True
Is 25 a factor of 20152?
False
Is 37 a multiple of 12?
False
Does 7 divide 427?
True
Is 26 a factor of 7826?
True
Is 6510 a multiple of 105?
True
Is 17 a factor of 986?
True
Is 241 a multiple of 31?
False
Is 480 a multiple of 6?
True
Is 3228 a multiple of 6?
True
Is 11970 a multiple of 190?
True
Is 13100 a multiple of 50?
True
Is 538 a multiple of 10?
False
Is 40141 a multiple of 94?
False
Is 14528 a multiple of 62?
False
Is 6695 a multiple of 13?
True
Is 6741 a multiple of 128?
False
Is 151 a multiple of 3?
False
Is 427 a multiple of 9?
False
Is 46 a factor of 874?
True
Is 10 a factor of 703?
False
Is 20 a factor of 2860?
True
Is 7 a factor of 4318?
False
Is 8 a factor of 1480?
True
Is 56 a factor of 12712?
True
Does 16 divide 9008?
True
Is 7871 a multiple of 36?
False
Is 19608 a multiple of 86?
True
Is 7 a factor of 11732?
True
Does 18 divide 180?
True
Is 7998 a multiple of 16?
False
Does 35 divide 2061?
False
Is 204 a multiple of 12?
True
Does 30 divide 1050?
True
Does 10 divide 54626?
False
Is 704 a multiple of 11?
True
Is 3 a factor of 58?
False
Is 208 a multiple of 26?
True
Does 217 divide 26529?
False
Does 7 divide 2954?
True
Does 5 divide 140?
True
Does 32 divide 11295?
False
Is 46 a factor of 32890?
True
Is 2291 a multiple of 79?
True